pose -9*o + 25765 - 11477 = -28183. List the prime factors of o.
3, 11, 13
Let a be ((-2)/4)/((-10)/(-2520)). Suppose -4*x = 128 + 104. Let v = x - a. List the prime factors of v.
2, 17
Suppose 1364*b = 1407*b - 1034150. List the prime factors of b.
2, 5, 13, 37
Let q(b) = -2*b**2 + b + 1. Let d be q(-1). Let x be ((-7)/d + 0)*158. Suppose -g - x = -8*g. List the prime factors of g.
79
Let q be ((-273)/28 + 6)/((-2)/3592). What are the prime factors of ((q/5)/(12/8))/2?
449
Let p = -12142 - -22776. What are the prime factors of p?
2, 13, 409
Let f(d) = 0 - 10*d + 0 + 29*d - 1. Let l be f(-1). What are the prime factors of 1/(l/8)*-100?
2, 5
Let b = 673 + -662. Suppose 0 = -4*h - 2*k + 3666, -4*h = -7*k + b*k - 3656. What are the prime factors of h?
919
Let z(f) = f**2 - 7*f. Let j be z(8). Let o(w) = 4*w - 18. Let x be o(j). List the prime factors of 4/x - 183/(-21).
3
Let h(w) be the second derivative of 11*w**3/6 - 23*w**2 - w. Let j(c) = 10*c**3 + 59*c**2 - 5*c + 12. Let k be j(-6). What are the prime factors of h(k)?
2, 5
Let u(l) = -6*l + 5. Let r be u(2). Let i = r + 10. What are the prime factors of 3/((-36)/(-88))*i*3?
2, 3, 11
Let d = 36222 + -18422. What are the prime factors of d?
2, 5, 89
Let h = 80 - 40. List the prime factors of (10525/h - 3) + (-3)/24.
2, 5, 13
Let z = 58 - 58. Suppose z = 5*n - 17 + 7. Suppose n*h - 258 = -34. List the prime factors of h.
2, 7
Let g = 31 + -15. Suppose g*i - 10*i = 5082. What are the prime factors of i?
7, 11
Suppose 21*h = 9*h + 96. What are the prime factors of (17374/21)/(h/(-36)*-3)?
17, 73
Let v(b) be the third derivative of -b**5/15 - 23*b**4/12 - b**3/6 - b**2 + 18*b. What are the prime factors of v(-11)?
3, 7
Let w = -1804 - -5393. List the prime factors of w.
37, 97
Suppose -94*d + 166*d = 85*d - 217542. List the prime factors of d.
2, 3, 2789
Suppose 74*f = 92344 + 10945 + 32723. What are the prime factors of f?
2, 919
Suppose 3*p - 289 = 245. Suppose 0 = -12*q + 8*q + 4*u - 304, -2*q + 4*u = 142. Let g = q + p. List the prime factors of g.
97
Let n be (-248)/10*(-170)/(-68). List the prime factors of (8/(-6))/(n/20181).
2, 7, 31
What are the prime factors of ((-2838471)/282)/((-1)/2)?
41, 491
Let v = 8340 + -3022. What are the prime factors of v?
2, 2659
What are the prime factors of 3589 - ((-20)/(-45) + 343/(-63))?
2, 3, 599
Let o be (-2)/(-11) + ((-265)/(-55))/1. Suppose -o*y + 491 = -5*b - 289, -468 = -3*y - 4*b. What are the prime factors of y?
2, 3, 13
Suppose 0 = 7*a + 6 - 20. Suppose a*b + 2*b - 2716 = -2*i, 0 = 4*b + 5*i - 2710. List the prime factors of b.
2, 5, 17
Let o(c) = -415*c - 1459. What are the prime factors of o(-7)?
2, 3, 241
Let z be (0 + -6)*(-2955)/45. Suppose 14*y - 1 = 15*y, -u = y - z. What are the prime factors of u?
5, 79
Suppose -123*v + 735322 = -17*v. What are the prime factors of v?
7, 991
Suppose -8 = -2*w + 70. Suppose -w*j + 31*j + 2688 = 0. List the prime factors of j.
2, 3, 7
Let d(p) = p**2 - 4*p - 2. Let u be d(6). Suppose u*l - 7 = 23. Suppose 0 = l*x - 2*x - 33. What are the prime factors of x?
3, 11
Let f = 25 - 22. Suppose 3*p + 4*j = 9*j + 185, 2*p - 5*j = 125. Suppose -39 = -f*b + p. What are the prime factors of b?
3, 11
Suppose -j = -0*j - 214. Suppose j = s - 592. What are the prime factors of s?
2, 13, 31
Let w = 13196 + 4463. List the prime factors of w.
17659
Let r be 5/((-10)/(-308))*1. Let b = r - -82. Suppose 5*t - 3*t - b = x, 2*x + 590 = 5*t. What are the prime factors of t?
2, 59
Suppose -27*v = 97*v - 136772. What are the prime factors of v?
1103
Let l be (8/6 - 2)/(6/(-72)). Let j(s) = 25*s**2 + 3 - 6*s - l - 29*s**2 + s**3. List the prime factors of j(7).
2, 5
Let v be (60/(-9))/5*(-4326)/4. Suppose 2403 = 5*f - v. What are the prime factors of f?
769
Let y(d) = 204*d**3 - 10*d**2 + 4*d - 8. List the prime factors of y(4).
2, 1613
Suppose -2*k - 9*f + 12*f = 0, 3*k - 7 = f. Suppose k*y = 16*y - 9867. List the prime factors of y.
3, 11, 23
Let o be 1/((-1)/1 - (-60)/50). Suppose -o*r - 1972 = -3*y - 647, 3*y - 1337 = -r. What are the prime factors of y?
5, 89
Suppose -2*g = j - 7, -j = 5*g + 4*j - 20. Suppose -3*p = -3*f + 1014, 5*f - g*p - 597 - 1103 = 0. Suppose -3*b - 64 + f = 0. What are the prime factors of b?
3, 31
Let k be (-20931)/(-11) + (-3)/(165/(-10)). Let a = k - 946. What are the prime factors of a?
3, 11, 29
Let t be (28/8 + -2)*20/6. Suppose -5*b = t*q - 1235, -b - 349 - 376 = -3*q. Let p = q - 113. List the prime factors of p.
2, 5, 13
Suppose v = k + 76, -5*v + 10*v - 412 = -3*k. Let g = -1563 + 1611. Let n = v - g. List the prime factors of n.
2
Let z(x) be the second derivative of -3*x**5/20 + 23*x**4/12 - x**3 - 23*x**2/2 - 6*x. List the prime factors of z(7).
3, 11
Let s(r) = -7*r**2 - 16*r + 20. Let l = 57 + -66. Let v(t) = 3*t**2 + 8*t - 10. Let m(u) = l*v(u) - 4*s(u). List the prime factors of m(12).
2, 29
Let s be ((-8)/(-24) + -1)/((-2)/(-1401)). Let h = 642 + s. What are the prime factors of h?
5, 7
Let o(y) = 3*y**3 + 3*y**2 + 7*y + 5. Let n be o(-1). What are the prime factors of (13230/60)/(n/(-4))?
3, 7
What are the prime factors of -1 + (-104029)/(-3) + (-6 - (-252)/54)?
2, 3, 5779
Let w be (-1376)/(-40) - ((-39)/15 + 2). Let v = w - 35. Suppose 4*t - 43 - 221 = v. List the prime factors of t.
2, 3, 11
Let q(d) = -d**2 - 5*d + 16. Let v be q(-7). What are the prime factors of -6 + 5171/6 - v/(-12)?
2, 107
Suppose 0 = 6*f - 15*f. Suppose -2*x = -4*x - 4*n + 130, f = -5*x - 3*n + 297. What are the prime factors of 38/x - (-182)/6?
31
Let o be 21566/8 + (-91)/(-364). Suppose 35*f - 25726 = -o. List the prime factors of f.
2, 7, 47
What are the prime factors of (-4577)/(-34 + 11) - 17?
2, 7, 13
Suppose 0 = -3*k - r + 166054, -123*r - 221402 = -4*k - 126*r. List the prime factors of k.
2, 11, 17, 37
Suppose 15*p - 85 = 14*p. Let x = -84 + p. List the prime factors of 2 - (-1 - -4)/(x/(-81)).
5, 7
Suppose -j + 220 = 216. Suppose 3*v + 5*p = 2205, j*v = -4*p + 3180 - 232. List the prime factors of v.
2, 5, 37
Let b(k) = -k**2 - 17*k - 57. Let n be b(-12). Suppose 0 = 2*o - n*c - 930, -188 = -5*o + 3*c + 2119. What are the prime factors of o?
3, 17
List the prime factors of 27780 + (-4 - (3 - 2)/(-18 - -19)).
5, 11, 101
Let w(t) = 446*t**2 + 10*t - 82. List the prime factors of w(-6).
2, 73, 109
Let b(x) = 2*x**2 + 21*x - 12. Let m be b(-10). What are the prime factors of m/(-99) - (-3193)/9?
5, 71
Let j(y) = -2*y**3 - 7*y**2 - 25*y - 137. Let h be j(-5). Let g = -3 - -6. Suppose l = 5*d - g*l - 175, -3*l = -2*d + h. What are the prime factors of d?
3, 13
Suppose 4640 = 17*y - 9*y. Suppose -9*w = -5*w - y. What are the prime factors of w?
5, 29
Let v(w) = 2*w**2 + 22*w + 30. Let t be v(-9). Let q(f) = -104*f - 120. List the prime factors of q(t).
2, 3, 7
Suppose 4*h = 181*z - 184*z + 52306, 4*z - 69697 = h. List the prime factors of z.
2, 8713
Let w be (-54 - (1 + 0))*528/(-80). Let j(z) = w - 179 - 7*z - 174 + z**2. List the prime factors of j(8).
2, 3
Suppose 4*c = k + 20924 + 2761, 4*k + 23700 = 4*c. What are the prime factors of c?
2, 5, 37
List the prime factors of (1 - 3) + -4 - (-1 - (-5 - -12560)).
2, 5, 251
Let g(y) = 42*y**2 - 9*y - 96. What are the prime factors of g(-17)?
3, 5, 271
Suppose -10*c + 2710 = -1660. Suppose 2*r + 3*x - 1521 = -c, 542 = r - 4*x. What are the prime factors of r?
2, 271
Suppose 113*l = 112*l. Suppose -3855 = -5*j + 2*h + 3*h, l = -5*h + 25. What are the prime factors of j?
2, 97
List the prime factors of 192/(-176) - (-3325092)/132.
25189
Let a(n) = 2*n**3 - 14*n**2 - 3*n - 6. Let l be a(7). What are the prime factors of (-1)/(3/2) + (-22239)/l?
823
Let n be (1 - 2)/((-2)/26). Suppose -99 = 10*u - n*u. List the prime factors of u.
3, 11
Suppose -20*c + 40815 = -214205. List the prime factors of c.
41, 311
List the prime factors of ((-2307549)/(-120) - 126/(-420)) + 1/8.
2, 3, 5, 641
Suppose -z + 7*g + 446 = 2*g, 3*z = 3*g + 1386. Let i = z + -285. Suppose 0 = 3*v + 2*k - i, 5*k - 3*k - 4 = 0. What are the prime factors of v?
59
Suppose 6*m + 6*m - 588 = 0. Let t = m + -24. Let v = t - 16. What are the prime factors of v?
3
Let c = 742 + -1303. Let j = c + 986. List the prime factors of j.
5, 17
What are the prime factors of 2 - -2663 - (-2 + 3 - 7)?
2671
Lis